Suppose -t - 32 = -5*r. What is the highest common divisor of r and w?
16
Suppose -1 = 3*t - 10. Let o(r) = 2*r - 18. Let d be o(10). What is the highest common factor of d and t?
1
Let t be 0 - 0 - (-88)/2. Suppose -5*s - 4*g + t + 624 = 0, 3*s + 4*g = 404. What is the greatest common factor of s and 12?
12
Let p be 6/(2 + 136/(-70)). Let i be ((-1)/(-2))/((-3)/(-18)). Suppose i*v = 6*v - p. What is the highest common divisor of 5 and v?
5
Suppose -2*g + 904 = 2*g. Let d be -1 + 0 - g/(-2). What is the greatest common divisor of d and 14?
14
Suppose 2*r = 3 + 3. Suppose -4 = -r*o + 2*o. What is the greatest common factor of 10 and o?
2
Let f(v) = 130*v - 4. Let x be f(1). Let t be (0 + 14/(-3))*-3. What is the greatest common factor of x and t?
14
Let j(r) = -7*r - 42. Let i be j(-8). Calculate the greatest common divisor of i and 126.
14
Suppose -2*n + 8 = -0*n, 3*j - 2*n - 67 = 0. Calculate the greatest common factor of 275 and j.
25
Let x = 35 + 65. What is the highest common factor of 40 and x?
20
Let n(m) = 6*m**2 - 2*m. Let a be n(3). What is the greatest common divisor of 12 and a?
12
Let f(t) = t**3 - 8*t**2 + 8*t + 7. Let v be f(7). Let d(l) = l**2 + 2*l - 1. Let a be d(-3). Calculate the greatest common divisor of a and v.
2
Let h = 2 - 5. Let r be (-80)/6*9/h. What is the highest common factor of 16 and r?
8
Suppose 41 = 3*x + 2*f, 0*x + 4*x + 2*f = 56. Suppose 2*z - 169 = 161. Calculate the greatest common factor of x and z.
15
Let q be 170/12 - (-11)/(-66). Calculate the highest common factor of 14 and q.
14
Let w be 10 - ((-9)/6 + 1/2). What is the greatest common factor of w and 187?
11
Let z = -2 - -7. Suppose 0 = z*m - 3*m - 6. Suppose -x + 89 = 5*b - 0*x, b = m*x + 21. What is the highest common divisor of b and 54?
18
Let r(d) = 35*d + 1. Let b be r(-4). Let y = 211 + b. What is the highest common factor of 18 and y?
18
Let g(b) = -6*b**3 - b**2 - b. Suppose 0*r - 2*r - 2 = 0. Let z be g(r). What is the greatest common divisor of 42 and z?
6
Let d(l) = 7*l**2 + 19*l - 31. Let u(o) = -4*o**2 - 9*o + 16. Let t(f) = -3*d(f) - 5*u(f). Let p be t(-12). What is the greatest common divisor of p and 143?
13
Let f be 8/(((-8)/(-6))/4). Let u(j) = j + 7. Let b be u(5). Calculate the greatest common factor of b and f.
12
Suppose 7*a - 7 = -7. Let i = 9 - -30. Suppose -3*j + a*j + i = 0. Calculate the greatest common divisor of j and 39.
13
Suppose -4*j + 50 = 6. Let x = -7 - -106. What is the greatest common divisor of j and x?
11
Let o(b) = 4*b**2 - b - 3. Let d be o(3). Suppose -5*v = -3*l + 43, 5*l + 5*v - 1 = 4. Calculate the greatest common factor of d and l.
6
Suppose 60 = a + 4*a. Let h = 16 - 4. Calculate the highest common factor of a and h.
12
Suppose 2*u + 34 = 322. Calculate the greatest common divisor of u and 18.
18
Suppose 0 = 21*x - 17*x - 64. Calculate the greatest common divisor of 80 and x.
16
Suppose 0*r = -5*r + 20, -y = -5*r + 15. Suppose -24 = 4*z - 0*z - 4*h, y*h + 6 = z. Let c be 3*-255*2/z. What is the greatest common factor of c and 17?
17
Let c(d) be the third derivative of d**5/12 + d**4/4 + 3*d**3/2 - 4*d**2. Let y be c(-5). What is the highest common divisor of y and 13?
13
Let m be 6/((9/(-15))/(-3)). Let x be 3 + m + (-2 - -3). Let p = -5 - -56. What is the highest common divisor of x and p?
17
Let g = -259 + 379. Calculate the greatest common divisor of g and 24.
24
Let y be 8 + (-9)/((-45)/(-10)). What is the greatest common divisor of 66 and y?
6
Suppose y - 5*d = 44, -3*y = y - 3*d - 193. Let m(b) = -3*b + 0*b**2 - 4*b - b**2 - 5. Let r be m(-4). Calculate the greatest common factor of r and y.
7
Suppose -p = -0*p - 8. Let z(x) = -x + 4. Let t be z(3). What is the greatest common divisor of p and t?
1
Let h(g) = -g**2 + 4*g + 7. Let s be h(5). Let n be 100/s + 2*-1. What is the highest common factor of 6 and n?
6
Let g(u) = 7 - 93*u + 192*u - 112*u. Let s be ((-15)/(-12))/((-2)/8). Let z be g(s). Calculate the highest common factor of 18 and z.
18
Suppose -10 = 3*x - 5*w + 12, 0 = -3*x - 5*w + 28. Calculate the greatest common factor of 1 and x.
1
Let f(z) = 5*z - 2. Let v be f(2). Let s = 0 - 3. Let d be 2/(15/(-6) - s). What is the highest common divisor of v and d?
4
Suppose 1 = -5*q + 2*d + 61, 5*q - 35 = -3*d. Let t = 4 + q. Calculate the highest common factor of 7 and t.
7
Suppose -30*b = -24*b - 24. Let u = 0 + 2. Let i = 2 + u. Calculate the highest common factor of b and i.
4
Let i be ((-8)/6)/((-5)/(-30)). Let a(r) = -r**2 - 6*r + 3. Let t be a(i). Let o = t + 35. Calculate the highest common factor of o and 11.
11
Let x = 17 - 9. Suppose -4*k + 2*q + 4 = 0, -5*k + 4*q = -0 - 2. What is the greatest common factor of x and k?
2
Let q(d) = 4*d + 4. Let u be q(-2). Let r be u/(-3)*(-117)/(-13). What is the highest common divisor of r and 60?
12
Let j be 12/42 + (-9)/(-21)*242. Calculate the greatest common factor of 26 and j.
26
Suppose -188 - 348 = -4*p. Suppose p = 5*m - 41. Let v be 4/2*(-14)/(-4). What is the greatest common divisor of v and m?
7
Suppose 2*t - 6*x - 22 = -2*x, -t = -5*x - 23. Suppose -119 = -t*s - l + 6*l, 5*s - 5*l = 215. Calculate the highest common divisor of 16 and s.
16
Suppose -v = -2*v + 4. Let h be (-2)/v*5*-2. Let p be -4 - -12*1*(-4)/(-8). What is the highest common divisor of p and h?
1
Let j be (-2 - 1)/(6/244). Let o = j + 217. Calculate the greatest common divisor of 19 and o.
19
Suppose 5*m - 14 = -4*y, -4*m - 4*y + 13 = y. Calculate the highest common factor of m and 3.
1
Suppose -2*g = -3*u - 345, -4*g + 0*g + 670 = -2*u. Let y be (-21 - -6)*1*-1. Calculate the highest common divisor of g and y.
15
Suppose 4*d - 4*n - 24 = 0, 2*d - 26 = d - 3*n. Let x be (-2)/(2 - (-216)/(-110)). Let a be (x/10)/((-1)/2). What is the greatest common divisor of d and a?
11
Let g be ((-20)/14)/((-35)/245). Calculate the highest common factor of 45 and g.
5
Let n = -27 + 33. Let t be 6*((-3 - -3) + 9). What is the greatest common divisor of t and n?
6
Suppose -4*h = 2*x - 6, 2*h - 2 = -4*x + 28. What is the greatest common divisor of 99 and x?
9
Suppose 3*j + j = 0. Let v be (138 - 3)*(1 + j). Calculate the highest common divisor of v and 54.
27
Suppose 2*l = 3*l + 2, c = 2*l + 13. Suppose r + 0*w + w = c, 5*r + w = 61. Calculate the greatest common factor of 91 and r.
13
Suppose 134 = 6*z - 64. Suppose 0 = -3*f + 13 + 2, 73 = 4*s - 3*f. What is the highest common divisor of z and s?
11
Suppose -2 - 3 = -z. Calculate the highest common divisor of 45 and z.
5
Let p = -3 + 4. Let h = p - -1. Suppose 0 = i - t - 12, 4*i - 53 = h*t + 3*t. Calculate the highest common divisor of 77 and i.
7
Suppose -3*o = 3*z - 2*o + 13, -5*o = 5*z + 25. Let p = z - -14. Calculate the highest common factor of p and 10.
10
Let t be -1 - -10 - (-5 - -3). Suppose 420 + 0 = 5*w. Let r = w + -40. What is the highest common divisor of t and r?
11
Let i be 1366/(-36)*-4 - (-2)/9. Calculate the greatest common factor of i and 19.
19
Let i = -26 - -38. Let y = -10 - -11. Let k be 28/35*(y - -14). What is the highest common factor of k and i?
12
Suppose 2*w - 128 = -0*w. Suppose 2*x - 52 = -2*x + 5*v, -5*x + v = -44. Let r = w - x. What is the highest common factor of 7 and r?
7
Let u be (-2)/9 + 1190/9. Suppose 0*i + 7 = a - i, -10 = -2*i. What is the highest common factor of u and a?
12
Let p(w) = 4*w**3 - 4*w**2 - 4*w - 3. Let b(r) = r**3 - 1. Let i(c) = 3*b(c) - p(c). Let h be i(4). What is the highest common divisor of h and 4?
4
Let q(w) = w**2 - 3*w + 5. Let x be q(5). Calculate the highest common factor of x and 5.
5
Let y(f) = f**2 - 4*f - 2. Let g be y(5). Suppose -6 = -3*x - 3*c, -5*x + g*c + 26 = -0*c. What is the highest common divisor of x and 32?
4
Let t be (3 - 2)/(2/10). Let l(x) = x**3 - 3*x**2 - 7*x - 2. Let g be l(t). Calculate the greatest common divisor of 117 and g.
13
Let x = 49 + 14. What is the greatest common factor of 9 and x?
9
Let g = 6 + -3. Suppose -g*l = l + 4. Let t be (l + -1 + 20)*7. Calculate the highest common factor of 18 and t.
18
Suppose -2*z = -6*z + 196. What is the highest common factor of z and 14?
7
Suppose -597 + 2437 = 5*c. Suppose 4*s + 108 = c. Let v = s - 39. Calculate the greatest common divisor of v and 65.
13
Let l be (-35)/14 - (-34)/4. Calculate